{"id":70,"date":"2026-01-27T11:05:56","date_gmt":"2026-01-27T11:05:56","guid":{"rendered":"https:\/\/wordpress.vecurosoft.com\/techbiz\/?page_id=70"},"modified":"2026-02-27T18:52:56","modified_gmt":"2026-02-27T18:52:56","slug":"servicos","status":"publish","type":"page","link":"https:\/\/simsoft.com.br\/index.php\/servicos\/","title":{"rendered":"Servi\u00e7os"},"content":{"rendered":"\t\t<div data-elementor-type=\"wp-page\" data-elementor-id=\"70\" class=\"elementor elementor-70\">\n\t\t\t\t\t\t<section class=\"elementor-section elementor-top-section elementor-element elementor-element-d0cc30b elementor-section-full_width elementor-section-height-default elementor-section-height-default\" data-id=\"d0cc30b\" data-element_type=\"section\">\n\t\t\t\t\t\t<div class=\"elementor-container elementor-column-gap-no\">\n\t\t\t\t\t<div class=\"elementor-column elementor-col-100 elementor-top-column elementor-element elementor-element-cb6ca78\" data-id=\"cb6ca78\" data-element_type=\"column\">\n\t\t\t<div class=\"elementor-widget-wrap elementor-element-populated\">\n\t\t\t\t\t\t<section class=\"elementor-section elementor-inner-section elementor-element elementor-element-8e8912d elementor-section-boxed elementor-section-height-default elementor-section-height-default\" data-id=\"8e8912d\" data-element_type=\"section\">\n\t\t\t\t\t\t<div class=\"elementor-container elementor-column-gap-no\">\n\t\t\t\t\t<div class=\"elementor-column elementor-col-33 elementor-inner-column elementor-element elementor-element-3fed987\" data-id=\"3fed987\" data-element_type=\"column\">\n\t\t\t<div class=\"elementor-widget-wrap elementor-element-populated\">\n\t\t\t\t\t\t<div class=\"elementor-element elementor-element-41a7bc7 elementor-widget-tablet__width-initial elementor-widget-mobile__width-inherit elementor-widget elementor-widget-techbizservicebox\" data-id=\"41a7bc7\" data-element_type=\"widget\" data-widget_type=\"techbizservicebox.default\">\n\t\t\t\t<div class=\"elementor-widget-container\">\n\t\t\t\t\t<div class=\"service-style1 service-align-wrapper layout2\"><div class=\"service-bg\" data-bg-src=\"\"><\/div><div class=\"service-icon\"><img decoding=\"async\" src=\"https:\/\/simsoft.com.br\/wp-content\/uploads\/2026\/01\/1-10.png\" alt=\"1 10\"  \/><\/div><h3 class=\"service-title h5\"><a href=\"https:\/\/simsoft.com.br\/index.php\/erp-para-restaurantes\/\">ERP para Restaurantes<\/a><\/h3><p class=\"service-text\">Gest\u00e3o completa para sal\u00e3o e delivery: mesas, comanda digital, QR Code, TEF\/PIX, PDV off-line e emiss\u00e3o fiscal com mais seguran\u00e7a na opera\u00e7\u00e3o.<\/p><a href=\"https:\/\/simsoft.com.br\/index.php\/erp-para-restaurantes\/\" class=\"vs-btn style3\">Saiba Mais<i class=\"far fa-long-arrow-right\"><\/i><\/a><\/div>\t\t\t\t<\/div>\n\t\t\t\t<\/div>\n\t\t\t\t<div class=\"elementor-element elementor-element-84abaaa elementor-widget-tablet__width-initial elementor-widget-mobile__width-inherit elementor-widget elementor-widget-techbizservicebox\" data-id=\"84abaaa\" data-element_type=\"widget\" data-widget_type=\"techbizservicebox.default\">\n\t\t\t\t<div class=\"elementor-widget-container\">\n\t\t\t\t\t<div class=\"service-style1 service-align-wrapper layout2\"><div class=\"service-bg\" data-bg-src=\"\"><\/div><div class=\"service-icon\"><img decoding=\"async\" src=\"https:\/\/simsoft.com.br\/wp-content\/uploads\/2026\/01\/1-10.png\" alt=\"1 10\"  \/><\/div><h3 class=\"service-title h5\"><a href=\"https:\/\/simsoft.com.br\/index.php\/delivery-proprio\/\">Delivery Pr\u00f3prio<\/a><\/h3><p class=\"service-text\">Venda online sem taxas por pedido, fidelize clientes com campanhas no WhatsApp, recupere carrinhos e integre com iFood para escalar com autonomia.<\/p><a href=\"https:\/\/simsoft.com.br\/index.php\/delivery-proprio\/\" class=\"vs-btn style3\">Saiba Mais<i class=\"far fa-long-arrow-right\"><\/i><\/a><\/div>\t\t\t\t<\/div>\n\t\t\t\t<\/div>\n\t\t\t\t\t<\/div>\n\t\t<\/div>\n\t\t\t\t<div class=\"elementor-column elementor-col-33 elementor-inner-column elementor-element elementor-element-6b8d3eb\" data-id=\"6b8d3eb\" data-element_type=\"column\">\n\t\t\t<div class=\"elementor-widget-wrap elementor-element-populated\">\n\t\t\t\t\t\t<div class=\"elementor-element elementor-element-ba1b423 elementor-widget-tablet__width-initial elementor-widget-mobile__width-inherit elementor-widget elementor-widget-techbizservicebox\" data-id=\"ba1b423\" data-element_type=\"widget\" data-widget_type=\"techbizservicebox.default\">\n\t\t\t\t<div class=\"elementor-widget-container\">\n\t\t\t\t\t<div class=\"service-style1 service-align-wrapper layout2\"><div class=\"service-bg\" data-bg-src=\"\"><\/div><div class=\"service-icon\"><img decoding=\"async\" src=\"https:\/\/simsoft.com.br\/wp-content\/uploads\/2026\/01\/1-10.png\" alt=\"1 10\"  \/><\/div><h3 class=\"service-title h5\"><a href=\"https:\/\/simsoft.com.br\/index.php\/erp-para-varejo\/\">ERP para Varejo<\/a><\/h3><p class=\"service-text\">Gest\u00e3o web e multi-lojas, frente de caixa segura, integra\u00e7\u00f5es com e-commerce\/marketplaces e relat\u00f3rios para decis\u00e3o r\u00e1pida e controle do neg\u00f3cio.<\/p><a href=\"https:\/\/simsoft.com.br\/index.php\/erp-para-varejo\/\" class=\"vs-btn style3\">Saiba Mais<i class=\"far fa-long-arrow-right\"><\/i><\/a><\/div>\t\t\t\t<\/div>\n\t\t\t\t<\/div>\n\t\t\t\t<div class=\"elementor-element elementor-element-1493230 elementor-widget-tablet__width-initial elementor-widget-mobile__width-inherit elementor-widget elementor-widget-techbizservicebox\" data-id=\"1493230\" data-element_type=\"widget\" data-widget_type=\"techbizservicebox.default\">\n\t\t\t\t<div class=\"elementor-widget-container\">\n\t\t\t\t\t<div class=\"service-style1 service-align-wrapper layout2\"><div class=\"service-bg\" data-bg-src=\"\"><\/div><div class=\"service-icon\"><img decoding=\"async\" src=\"https:\/\/simsoft.com.br\/wp-content\/uploads\/2026\/01\/1-10.png\" alt=\"1 10\"  \/><\/div><h3 class=\"service-title h5\"><a href=\"https:\/\/simsoft.com.br\/index.php\/voip-pabx-virtual\/\">VOIP \/ PABX Virtual<\/a><\/h3><p class=\"service-text\">Telefonia IP para profissionalizar o atendimento, reduzir custos e centralizar a comunica\u00e7\u00e3o do seu neg\u00f3cio com mais qualidade e controle.<\/p><a href=\"https:\/\/simsoft.com.br\/index.php\/voip-pabx-virtual\/\" class=\"vs-btn style3\">Saiba Mais<i class=\"far fa-long-arrow-right\"><\/i><\/a><\/div>\t\t\t\t<\/div>\n\t\t\t\t<\/div>\n\t\t\t\t\t<\/div>\n\t\t<\/div>\n\t\t\t\t<div class=\"elementor-column elementor-col-33 elementor-inner-column elementor-element elementor-element-6cde953\" data-id=\"6cde953\" data-element_type=\"column\">\n\t\t\t<div class=\"elementor-widget-wrap elementor-element-populated\">\n\t\t\t\t\t\t<div class=\"elementor-element elementor-element-54e665e elementor-widget-tablet__width-initial elementor-widget-mobile__width-inherit elementor-widget elementor-widget-techbizservicebox\" data-id=\"54e665e\" data-element_type=\"widget\" data-widget_type=\"techbizservicebox.default\">\n\t\t\t\t<div class=\"elementor-widget-container\">\n\t\t\t\t\t<div class=\"service-style1 service-align-wrapper layout2\"><div class=\"service-bg\" data-bg-src=\"\"><\/div><div class=\"service-icon\"><img decoding=\"async\" src=\"https:\/\/simsoft.com.br\/wp-content\/uploads\/2026\/01\/1-10.png\" alt=\"1 10\"  \/><\/div><h3 class=\"service-title h5\"><a href=\"https:\/\/simsoft.com.br\/index.php\/gestao-de-atendimento\/\">Gest\u00e3o de Atendimento<\/a><\/h3><p class=\"service-text\">Organize atendimentos com v\u00e1rios operadores, respostas autom\u00e1ticas, hist\u00f3rico, relat\u00f3rios e monitoramento em tempo real em WhatsApp, Instagram e Facebook.<\/p><a href=\"https:\/\/simsoft.com.br\/index.php\/gestao-de-atendimento\/\" class=\"vs-btn style3\">Saiba Mais<i class=\"far fa-long-arrow-right\"><\/i><\/a><\/div>\t\t\t\t<\/div>\n\t\t\t\t<\/div>\n\t\t\t\t\t<\/div>\n\t\t<\/div>\n\t\t\t\t\t<\/div>\n\t\t<\/section>\n\t\t\t\t\t<\/div>\n\t\t<\/div>\n\t\t\t\t\t<\/div>\n\t\t<\/section>\n\t\t\t\t<\/div>\n\t\t","protected":false},"excerpt":{"rendered":"<p>ERP para Restaurantes Gest\u00e3o completa para sal\u00e3o e delivery: mesas, comanda digital, QR Code, TEF\/PIX, PDV off-line e emiss\u00e3o fiscal com mais seguran\u00e7a na opera\u00e7\u00e3o. Saiba Mais Delivery Pr\u00f3prio Venda online sem taxas por pedido, fidelize clientes com campanhas no WhatsApp, recupere carrinhos e integre com iFood para escalar com autonomia. Saiba Mais ERP para&#8230;<\/p>\n","protected":false},"author":1,"featured_media":0,"parent":0,"menu_order":0,"comment_status":"closed","ping_status":"closed","template":"template-builder.php","meta":{"footnotes":""},"class_list":["post-70","page","type-page","status-publish","hentry"],"_links":{"self":[{"href":"https:\/\/simsoft.com.br\/index.php\/wp-json\/wp\/v2\/pages\/70","targetHints":{"allow":["GET"]}}],"collection":[{"href":"https:\/\/simsoft.com.br\/index.php\/wp-json\/wp\/v2\/pages"}],"about":[{"href":"https:\/\/simsoft.com.br\/index.php\/wp-json\/wp\/v2\/types\/page"}],"author":[{"embeddable":true,"href":"https:\/\/simsoft.com.br\/index.php\/wp-json\/wp\/v2\/users\/1"}],"replies":[{"embeddable":true,"href":"https:\/\/simsoft.com.br\/index.php\/wp-json\/wp\/v2\/comments?post=70"}],"version-history":[{"count":11,"href":"https:\/\/simsoft.com.br\/index.php\/wp-json\/wp\/v2\/pages\/70\/revisions"}],"predecessor-version":[{"id":12862,"href":"https:\/\/simsoft.com.br\/index.php\/wp-json\/wp\/v2\/pages\/70\/revisions\/12862"}],"wp:attachment":[{"href":"https:\/\/simsoft.com.br\/index.php\/wp-json\/wp\/v2\/media?parent=70"}],"curies":[{"name":"wp","href":"https:\/\/api.w.org\/{rel}","templated":true}]}}