{"id":12751,"date":"2026-01-29T21:18:56","date_gmt":"2026-01-29T21:18:56","guid":{"rendered":"https:\/\/simsoft.com.br\/?page_id=12751"},"modified":"2026-03-09T19:40:21","modified_gmt":"2026-03-09T19:40:21","slug":"delivery-proprio","status":"publish","type":"page","link":"https:\/\/simsoft.com.br\/index.php\/delivery-proprio\/","title":{"rendered":"Delivery Pr\u00f3prio"},"content":{"rendered":"\t\t<div data-elementor-type=\"wp-page\" data-elementor-id=\"12751\" class=\"elementor elementor-12751\">\n\t\t\t\t\t\t<section class=\"elementor-section elementor-top-section elementor-element elementor-element-19fd3dde elementor-section-full_width elementor-section-height-default elementor-section-height-default\" data-id=\"19fd3dde\" data-element_type=\"section\">\n\t\t\t\t\t\t<div class=\"elementor-container elementor-column-gap-no\">\n\t\t\t\t\t<div class=\"elementor-column elementor-col-100 elementor-top-column elementor-element elementor-element-5d307626\" data-id=\"5d307626\" data-element_type=\"column\">\n\t\t\t<div class=\"elementor-widget-wrap elementor-element-populated\">\n\t\t\t\t\t\t<section class=\"elementor-section elementor-inner-section elementor-element elementor-element-6bf7eab3 elementor-reverse-tablet elementor-reverse-mobile elementor-section-boxed elementor-section-height-default elementor-section-height-default\" data-id=\"6bf7eab3\" data-element_type=\"section\">\n\t\t\t\t\t\t<div class=\"elementor-container elementor-column-gap-no\">\n\t\t\t\t\t<div class=\"elementor-column elementor-col-50 elementor-inner-column elementor-element elementor-element-11dc4656\" data-id=\"11dc4656\" data-element_type=\"column\">\n\t\t\t<div class=\"elementor-widget-wrap elementor-element-populated\">\n\t\t\t\t\t\t<div class=\"elementor-element elementor-element-35871a53 elementor-widget elementor-widget-text-editor\" data-id=\"35871a53\" data-element_type=\"widget\" data-widget_type=\"text-editor.default\">\n\t\t\t\t\t\t\t\t\t<div class=\"widget widget_categories \"><h3 class=\"widget_title\">Servi\u00e7os<\/h3><p><a href=\"https:\/\/simsoft.com.br\/index.php\/erp-para-restaurantes\/\"><b>ERP para Restaurantes<\/b><\/a><\/p><p><a href=\"https:\/\/simsoft.com.br\/index.php\/erp-para-varejo\/\"><b>ERP para Varejo<\/b><\/a><\/p><p><a href=\"https:\/\/simsoft.com.br\/index.php\/gestao-de-atendimento\/\"><b>Gest\u00e3o de Atendimento<\/b><\/a><\/p><p><a href=\"https:\/\/simsoft.com.br\/index.php\/delivery-proprio\/\"><b>Delivery Pr\u00f3prio<\/b><\/a><\/p><p><a href=\"https:\/\/simsoft.com.br\/index.php\/voip-pabx-virtual\/\"><b>VOIP \/ PABX Virtual<\/b><\/a><\/p><\/div>\t\t\t\t\t\t\t\t<\/div>\n\t\t\t\t<div class=\"elementor-element elementor-element-dc878e2 quote-box p-0 elementor-widget elementor-widget-text-editor\" data-id=\"dc878e2\" data-element_type=\"widget\" data-widget_type=\"text-editor.default\">\n\t\t\t\t\t\t\t\t\t<p>\u00a0<\/p><h3 class=\"quote-box__title\">Alguma D\u00favida?<\/h3><p><a class=\"vs-btn\" href=\"https:\/\/wa.me\/5516997191893\" target=\"_blank\" rel=\"noopener\">Falar com um Consultor<i class=\"far fa-arrow-right\"><\/i><\/a><\/p>\t\t\t\t\t\t\t\t<\/div>\n\t\t\t\t\t<\/div>\n\t\t<\/div>\n\t\t\t\t<div class=\"elementor-column elementor-col-50 elementor-inner-column elementor-element elementor-element-4ba2ce9d\" data-id=\"4ba2ce9d\" data-element_type=\"column\">\n\t\t\t<div class=\"elementor-widget-wrap elementor-element-populated\">\n\t\t\t\t\t\t<div class=\"elementor-element elementor-element-7424f2de elementor-widget elementor-widget-image\" data-id=\"7424f2de\" data-element_type=\"widget\" data-widget_type=\"image.default\">\n\t\t\t\t\t\t\t\t\t\t\t\t\t\t\t<img fetchpriority=\"high\" decoding=\"async\" width=\"802\" height=\"488\" src=\"https:\/\/simsoft.com.br\/wp-content\/uploads\/2026\/01\/4-3.png\" class=\"attachment-full size-full wp-image-12880\" alt=\"\" srcset=\"https:\/\/simsoft.com.br\/wp-content\/uploads\/2026\/01\/4-3.png 802w, https:\/\/simsoft.com.br\/wp-content\/uploads\/2026\/01\/4-3-300x183.png 300w, https:\/\/simsoft.com.br\/wp-content\/uploads\/2026\/01\/4-3-768x467.png 768w\" sizes=\"(max-width: 802px) 100vw, 802px\" \/>\t\t\t\t\t\t\t\t\t\t\t\t\t\t\t<\/div>\n\t\t\t\t<div class=\"elementor-element elementor-element-3b34c643 elementor-widget elementor-widget-heading\" data-id=\"3b34c643\" data-element_type=\"widget\" data-widget_type=\"heading.default\">\n\t\t\t\t\t<h4 class=\"elementor-heading-title elementor-size-default\">Plataforma de Delivery Pr\u00f3prio<\/h4>\t\t\t\t<\/div>\n\t\t\t\t<div class=\"elementor-element elementor-element-1a52b38a elementor-widget elementor-widget-text-editor\" data-id=\"1a52b38a\" data-element_type=\"widget\" data-widget_type=\"text-editor.default\">\n\t\t\t\t\t\t\t\t\t<p><span style=\"font-weight: 400;\">A plataforma de Delivery Pr\u00f3prio da Simsoft RP foi criada para restaurantes e opera\u00e7\u00f5es que querem autonomia nas vendas online. Em vez de depender apenas de marketplaces e perder margem com taxas, voc\u00ea constr\u00f3i seu pr\u00f3prio canal de vendas e fortalece sua marca. A solu\u00e7\u00e3o melhora a experi\u00eancia do cliente, facilita pedidos e contribui para recorr\u00eancia, com recursos de marketing e fideliza\u00e7\u00e3o integrados. O objetivo \u00e9 aumentar vendas com controle e previsibilidade, sem complicar a opera\u00e7\u00e3o. Tudo pensado para rotina real de atendimento e entrega.<\/span><\/p>\t\t\t\t\t\t\t\t<\/div>\n\t\t\t\t<div class=\"elementor-element elementor-element-7b9ce93 elementor-widget elementor-widget-text-editor\" data-id=\"7b9ce93\" data-element_type=\"widget\" data-widget_type=\"text-editor.default\">\n\t\t\t\t\t\t\t\t\t<p><span style=\"font-weight: 400;\">\u00a0Al\u00e9m do gerenciamento de pedidos de delivery e encomendas, a plataforma oferece recursos como recupera\u00e7\u00e3o de carrinho, cashback e campanhas programadas por WhatsApp. Voc\u00ea pode automatizar lembretes de aniversariantes, integrar pagamentos via Pix e cart\u00e3o e emitir NFC-e quando necess\u00e1rio. Tamb\u00e9m h\u00e1 funcionalidades para gerenciar entregadores e integrar com iFood em cen\u00e1rios estrat\u00e9gicos. Com Pixel do Facebook integrado, fica mais f\u00e1cil mensurar campanhas e otimizar aquisi\u00e7\u00e3o de clientes. \u00c9 uma solu\u00e7\u00e3o completa para vender mais, com relacionamento direto e menos depend\u00eancia de terceiros.<\/span><\/p>\t\t\t\t\t\t\t\t<\/div>\n\t\t\t\t<div class=\"elementor-element elementor-element-30317b51 elementor-widget__width-initial elementor-widget-mobile__width-inherit elementor-widget elementor-widget-text-editor\" data-id=\"30317b51\" data-element_type=\"widget\" data-widget_type=\"text-editor.default\">\n\t\t\t\t\t\t\t\t\t<div class=\"service-list-box\"><h3 class=\"h5 title\"><span style=\"font-weight: 400;\">O que o delivery entrega<\/span><\/h3><div class=\"list-style3\"><ul><li><ul><li style=\"font-weight: 400;\" aria-level=\"1\"><span style=\"font-weight: 400;\">Vendas online sem taxas por pedido<\/span><span style=\"font-weight: 400;\"><br \/><br \/><\/span><\/li><li style=\"font-weight: 400;\" aria-level=\"1\"><span style=\"font-weight: 400;\">Fideliza\u00e7\u00e3o com cashback e campanhas no WhatsApp<\/span><span style=\"font-weight: 400;\"><br \/><br \/><\/span><\/li><li style=\"font-weight: 400;\" aria-level=\"1\"><span style=\"font-weight: 400;\">Recupera\u00e7\u00e3o de carrinho e automa\u00e7\u00f5es inteligentes<\/span><span style=\"font-weight: 400;\"><br \/><br \/><\/span><\/li><li style=\"font-weight: 400;\" aria-level=\"1\"><span style=\"font-weight: 400;\">Pagamentos via Pix\/cart\u00e3o e emiss\u00e3o de NFC-e<\/span><span style=\"font-weight: 400;\"><br \/><br \/><\/span><\/li><\/ul><span style=\"font-weight: 400;\">Gest\u00e3o de entregadores e integra\u00e7\u00e3o com iFood<\/span><span style=\"font-weight: 400;\"><br \/><\/span><\/li><\/ul><\/div><\/div>\t\t\t\t\t\t\t\t<\/div>\n\t\t\t\t\t<\/div>\n\t\t<\/div>\n\t\t\t\t\t<\/div>\n\t\t<\/section>\n\t\t\t\t\t<\/div>\n\t\t<\/div>\n\t\t\t\t\t<\/div>\n\t\t<\/section>\n\t\t\t\t<\/div>\n\t\t","protected":false},"excerpt":{"rendered":"<p>Servi\u00e7os ERP para Restaurantes ERP para Varejo Gest\u00e3o de Atendimento Delivery Pr\u00f3prio VOIP \/ PABX Virtual \u00a0 Alguma D\u00favida? Falar com um Consultor Plataforma de Delivery Pr\u00f3prio A plataforma de Delivery Pr\u00f3prio da Simsoft RP foi criada para restaurantes e opera\u00e7\u00f5es que querem autonomia nas vendas online. Em vez de depender apenas de marketplaces e&#8230;<\/p>\n","protected":false},"author":1,"featured_media":0,"parent":0,"menu_order":0,"comment_status":"closed","ping_status":"closed","template":"","meta":{"footnotes":""},"class_list":["post-12751","page","type-page","status-publish","hentry"],"_links":{"self":[{"href":"https:\/\/simsoft.com.br\/index.php\/wp-json\/wp\/v2\/pages\/12751","targetHints":{"allow":["GET"]}}],"collection":[{"href":"https:\/\/simsoft.com.br\/index.php\/wp-json\/wp\/v2\/pages"}],"about":[{"href":"https:\/\/simsoft.com.br\/index.php\/wp-json\/wp\/v2\/types\/page"}],"author":[{"embeddable":true,"href":"https:\/\/simsoft.com.br\/index.php\/wp-json\/wp\/v2\/users\/1"}],"replies":[{"embeddable":true,"href":"https:\/\/simsoft.com.br\/index.php\/wp-json\/wp\/v2\/comments?post=12751"}],"version-history":[{"count":16,"href":"https:\/\/simsoft.com.br\/index.php\/wp-json\/wp\/v2\/pages\/12751\/revisions"}],"predecessor-version":[{"id":13083,"href":"https:\/\/simsoft.com.br\/index.php\/wp-json\/wp\/v2\/pages\/12751\/revisions\/13083"}],"wp:attachment":[{"href":"https:\/\/simsoft.com.br\/index.php\/wp-json\/wp\/v2\/media?parent=12751"}],"curies":[{"name":"wp","href":"https:\/\/api.w.org\/{rel}","templated":true}]}}