{"id":12749,"date":"2026-01-29T21:18:39","date_gmt":"2026-01-29T21:18:39","guid":{"rendered":"https:\/\/simsoft.com.br\/?page_id=12749"},"modified":"2026-03-09T19:40:15","modified_gmt":"2026-03-09T19:40:15","slug":"gestao-de-atendimento","status":"publish","type":"page","link":"https:\/\/simsoft.com.br\/index.php\/gestao-de-atendimento\/","title":{"rendered":"Gest\u00e3o de Atendimento"},"content":{"rendered":"\t\t<div data-elementor-type=\"wp-page\" data-elementor-id=\"12749\" class=\"elementor elementor-12749\">\n\t\t\t\t\t\t<section class=\"elementor-section elementor-top-section elementor-element elementor-element-6982751 elementor-section-full_width elementor-section-height-default elementor-section-height-default\" data-id=\"6982751\" data-element_type=\"section\">\n\t\t\t\t\t\t<div class=\"elementor-container elementor-column-gap-no\">\n\t\t\t\t\t<div class=\"elementor-column elementor-col-100 elementor-top-column elementor-element elementor-element-310879f7\" data-id=\"310879f7\" data-element_type=\"column\">\n\t\t\t<div class=\"elementor-widget-wrap elementor-element-populated\">\n\t\t\t\t\t\t<section class=\"elementor-section elementor-inner-section elementor-element elementor-element-1c75854c elementor-reverse-tablet elementor-reverse-mobile elementor-section-boxed elementor-section-height-default elementor-section-height-default\" data-id=\"1c75854c\" data-element_type=\"section\">\n\t\t\t\t\t\t<div class=\"elementor-container elementor-column-gap-no\">\n\t\t\t\t\t<div class=\"elementor-column elementor-col-50 elementor-inner-column elementor-element elementor-element-6e2aaa1e\" data-id=\"6e2aaa1e\" data-element_type=\"column\">\n\t\t\t<div class=\"elementor-widget-wrap elementor-element-populated\">\n\t\t\t\t\t\t<div class=\"elementor-element elementor-element-50e498ac elementor-widget elementor-widget-text-editor\" data-id=\"50e498ac\" data-element_type=\"widget\" data-widget_type=\"text-editor.default\">\n\t\t\t\t\t\t\t\t\t<div class=\"widget widget_categories \"><h3 class=\"widget_title\">Servi\u00e7os<\/h3><p><a href=\"https:\/\/simsoft.com.br\/index.php\/erp-para-restaurantes\/\"><b>ERP para Restaurantes<\/b><\/a><\/p><p><a href=\"https:\/\/simsoft.com.br\/index.php\/erp-para-varejo\/\"><b>ERP para Varejo<\/b><\/a><\/p><p><a href=\"https:\/\/simsoft.com.br\/index.php\/gestao-de-atendimento\/\"><b>Gest\u00e3o de Atendimento<\/b><\/a><\/p><p><a href=\"https:\/\/simsoft.com.br\/index.php\/delivery-proprio\/\"><b>Delivery Pr\u00f3prio<\/b><\/a><\/p><p><a href=\"https:\/\/simsoft.com.br\/index.php\/voip-pabx-virtual\/\"><b>VOIP \/ PABX Virtual<\/b><\/a><\/p><\/div>\t\t\t\t\t\t\t\t<\/div>\n\t\t\t\t<div class=\"elementor-element elementor-element-3bd239c0 quote-box p-0 elementor-widget elementor-widget-text-editor\" data-id=\"3bd239c0\" data-element_type=\"widget\" data-widget_type=\"text-editor.default\">\n\t\t\t\t\t\t\t\t\t<p>\u00a0<\/p><h3 class=\"quote-box__title\">Alguma D\u00favida?<\/h3><p><a class=\"vs-btn\" href=\"https:\/\/wa.me\/5516997191893\" target=\"_blank\" rel=\"noopener\">Falar com um Consultor<i class=\"far fa-arrow-right\"><\/i><\/a><\/p>\t\t\t\t\t\t\t\t<\/div>\n\t\t\t\t\t<\/div>\n\t\t<\/div>\n\t\t\t\t<div class=\"elementor-column elementor-col-50 elementor-inner-column elementor-element elementor-element-7261d90\" data-id=\"7261d90\" data-element_type=\"column\">\n\t\t\t<div class=\"elementor-widget-wrap elementor-element-populated\">\n\t\t\t\t\t\t<div class=\"elementor-element elementor-element-23f7637e elementor-widget elementor-widget-image\" data-id=\"23f7637e\" data-element_type=\"widget\" data-widget_type=\"image.default\">\n\t\t\t\t\t\t\t\t\t\t\t\t\t\t\t<img fetchpriority=\"high\" decoding=\"async\" width=\"802\" height=\"488\" src=\"https:\/\/simsoft.com.br\/wp-content\/uploads\/2026\/01\/3-4.png\" class=\"attachment-full size-full wp-image-12875\" alt=\"\" srcset=\"https:\/\/simsoft.com.br\/wp-content\/uploads\/2026\/01\/3-4.png 802w, https:\/\/simsoft.com.br\/wp-content\/uploads\/2026\/01\/3-4-300x183.png 300w, https:\/\/simsoft.com.br\/wp-content\/uploads\/2026\/01\/3-4-768x467.png 768w\" sizes=\"(max-width: 802px) 100vw, 802px\" \/>\t\t\t\t\t\t\t\t\t\t\t\t\t\t\t<\/div>\n\t\t\t\t<div class=\"elementor-element elementor-element-7a487024 elementor-widget elementor-widget-heading\" data-id=\"7a487024\" data-element_type=\"widget\" data-widget_type=\"heading.default\">\n\t\t\t\t\t<h4 class=\"elementor-heading-title elementor-size-default\">Sistema de Gest\u00e3o de Atendimento<\/h4>\t\t\t\t<\/div>\n\t\t\t\t<div class=\"elementor-element elementor-element-6c29a8f4 elementor-widget elementor-widget-text-editor\" data-id=\"6c29a8f4\" data-element_type=\"widget\" data-widget_type=\"text-editor.default\">\n\t\t\t\t\t\t\t\t\t<p><span style=\"font-weight: 400;\">A gest\u00e3o de atendimento da Simsoft RP profissionaliza o relacionamento com o cliente e evita perda de oportunidades por falta de organiza\u00e7\u00e3o. Com v\u00e1rios atendentes simult\u00e2neos e m\u00faltiplos canais, voc\u00ea centraliza conversas, reduz tempo de resposta e mant\u00e9m padr\u00e3o no atendimento. A equipe trabalha com mais clareza, evitando mensagens soltas, retrabalho e falhas de continuidade. Tudo fica registrado para auditoria, acompanhamento e melhoria do processo. \u00c9 o tipo de solu\u00e7\u00e3o que melhora a experi\u00eancia do cliente e protege a opera\u00e7\u00e3o.<\/span><\/p>\t\t\t\t\t\t\t\t<\/div>\n\t\t\t\t<div class=\"elementor-element elementor-element-02ba663 elementor-widget elementor-widget-text-editor\" data-id=\"02ba663\" data-element_type=\"widget\" data-widget_type=\"text-editor.default\">\n\t\t\t\t\t\t\t\t\t<p><span style=\"font-weight: 400;\">A plataforma permite automa\u00e7\u00f5es inteligentes, como respostas autom\u00e1ticas e banco de respostas para agilizar o dia a dia. A gest\u00e3o acompanha em tempo real o andamento dos atendimentos, com relat\u00f3rios e estat\u00edsticas para medir performance, hor\u00e1rios de pico e produtividade. Isso facilita tomada de decis\u00e3o e melhora a efici\u00eancia da equipe, especialmente em opera\u00e7\u00f5es com grande volume de mensagens. Com atendimento 24 horas, sua empresa mant\u00e9m presen\u00e7a e ganha consist\u00eancia na comunica\u00e7\u00e3o. O resultado \u00e9 mais convers\u00e3o, melhor p\u00f3s-venda e relacionamento mais forte.<\/span><\/p>\t\t\t\t\t\t\t\t<\/div>\n\t\t\t\t<div class=\"elementor-element elementor-element-6155cc13 elementor-widget__width-initial elementor-widget-mobile__width-inherit elementor-widget elementor-widget-text-editor\" data-id=\"6155cc13\" data-element_type=\"widget\" data-widget_type=\"text-editor.default\">\n\t\t\t\t\t\t\t\t\t<div class=\"service-list-box\"><h3 class=\"h5 title\"><span style=\"font-weight: 400;\">Recursos do atendimento<\/span><\/h3><div class=\"list-style3\"><ul><li style=\"font-weight: 400;\" aria-level=\"1\"><span style=\"font-weight: 400;\">WhatsApp, Instagram e Facebook em um s\u00f3 lugar<\/span><span style=\"font-weight: 400;\"><br \/><br \/><\/span><\/li><li style=\"font-weight: 400;\" aria-level=\"1\"><span style=\"font-weight: 400;\">V\u00e1rios atendentes atendendo ao mesmo tempo<\/span><span style=\"font-weight: 400;\"><br \/><br \/><\/span><\/li><li style=\"font-weight: 400;\" aria-level=\"1\"><span style=\"font-weight: 400;\">Respostas autom\u00e1ticas e banco de respostas<\/span><span style=\"font-weight: 400;\"><br \/><br \/><\/span><\/li><li style=\"font-weight: 400;\" aria-level=\"1\"><span style=\"font-weight: 400;\">Hist\u00f3rico completo e relat\u00f3rios de performance<\/span><span style=\"font-weight: 400;\"><br \/><br \/><\/span><\/li><li style=\"font-weight: 400;\" aria-level=\"1\"><span style=\"font-weight: 400;\">Monitoramento em tempo real da opera\u00e7\u00e3o<\/span><\/li><li>\u00a0<\/li><\/ul><\/div><\/div>\t\t\t\t\t\t\t\t<\/div>\n\t\t\t\t\t<\/div>\n\t\t<\/div>\n\t\t\t\t\t<\/div>\n\t\t<\/section>\n\t\t\t\t\t<\/div>\n\t\t<\/div>\n\t\t\t\t\t<\/div>\n\t\t<\/section>\n\t\t\t\t<\/div>\n\t\t","protected":false},"excerpt":{"rendered":"<p>Servi\u00e7os ERP para Restaurantes ERP para Varejo Gest\u00e3o de Atendimento Delivery Pr\u00f3prio VOIP \/ PABX Virtual \u00a0 Alguma D\u00favida? Falar com um Consultor Sistema de Gest\u00e3o de Atendimento A gest\u00e3o de atendimento da Simsoft RP profissionaliza o relacionamento com o cliente e evita perda de oportunidades por falta de organiza\u00e7\u00e3o. Com v\u00e1rios atendentes simult\u00e2neos e&#8230;<\/p>\n","protected":false},"author":1,"featured_media":0,"parent":0,"menu_order":0,"comment_status":"closed","ping_status":"closed","template":"","meta":{"footnotes":""},"class_list":["post-12749","page","type-page","status-publish","hentry"],"_links":{"self":[{"href":"https:\/\/simsoft.com.br\/index.php\/wp-json\/wp\/v2\/pages\/12749","targetHints":{"allow":["GET"]}}],"collection":[{"href":"https:\/\/simsoft.com.br\/index.php\/wp-json\/wp\/v2\/pages"}],"about":[{"href":"https:\/\/simsoft.com.br\/index.php\/wp-json\/wp\/v2\/types\/page"}],"author":[{"embeddable":true,"href":"https:\/\/simsoft.com.br\/index.php\/wp-json\/wp\/v2\/users\/1"}],"replies":[{"embeddable":true,"href":"https:\/\/simsoft.com.br\/index.php\/wp-json\/wp\/v2\/comments?post=12749"}],"version-history":[{"count":16,"href":"https:\/\/simsoft.com.br\/index.php\/wp-json\/wp\/v2\/pages\/12749\/revisions"}],"predecessor-version":[{"id":13080,"href":"https:\/\/simsoft.com.br\/index.php\/wp-json\/wp\/v2\/pages\/12749\/revisions\/13080"}],"wp:attachment":[{"href":"https:\/\/simsoft.com.br\/index.php\/wp-json\/wp\/v2\/media?parent=12749"}],"curies":[{"name":"wp","href":"https:\/\/api.w.org\/{rel}","templated":true}]}}