{"id":12745,"date":"2026-01-29T21:18:09","date_gmt":"2026-01-29T21:18:09","guid":{"rendered":"https:\/\/simsoft.com.br\/?page_id=12745"},"modified":"2026-03-09T19:40:00","modified_gmt":"2026-03-09T19:40:00","slug":"erp-para-restaurantes","status":"publish","type":"page","link":"https:\/\/simsoft.com.br\/index.php\/erp-para-restaurantes\/","title":{"rendered":"ERP para Restaurantes"},"content":{"rendered":"\t\t<div data-elementor-type=\"wp-page\" data-elementor-id=\"12745\" class=\"elementor elementor-12745\">\n\t\t\t\t\t\t<section class=\"elementor-section elementor-top-section elementor-element elementor-element-3435432d elementor-section-full_width elementor-section-height-default elementor-section-height-default\" data-id=\"3435432d\" data-element_type=\"section\">\n\t\t\t\t\t\t<div class=\"elementor-container elementor-column-gap-no\">\n\t\t\t\t\t<div class=\"elementor-column elementor-col-100 elementor-top-column elementor-element elementor-element-1c032a14\" data-id=\"1c032a14\" data-element_type=\"column\">\n\t\t\t<div class=\"elementor-widget-wrap elementor-element-populated\">\n\t\t\t\t\t\t<section class=\"elementor-section elementor-inner-section elementor-element elementor-element-159f751f elementor-reverse-tablet elementor-reverse-mobile elementor-section-boxed elementor-section-height-default elementor-section-height-default\" data-id=\"159f751f\" data-element_type=\"section\">\n\t\t\t\t\t\t<div class=\"elementor-container elementor-column-gap-no\">\n\t\t\t\t\t<div class=\"elementor-column elementor-col-50 elementor-inner-column elementor-element elementor-element-506bbb99\" data-id=\"506bbb99\" data-element_type=\"column\">\n\t\t\t<div class=\"elementor-widget-wrap elementor-element-populated\">\n\t\t\t\t\t\t<div class=\"elementor-element elementor-element-27cc9c1e elementor-widget elementor-widget-text-editor\" data-id=\"27cc9c1e\" data-element_type=\"widget\" data-widget_type=\"text-editor.default\">\n\t\t\t\t\t\t\t\t\t<div class=\"widget widget_categories \"><h3 class=\"widget_title\">Servi\u00e7os<\/h3><p><a href=\"https:\/\/simsoft.com.br\/index.php\/erp-para-restaurantes\/\"><b>ERP para Restaurantes<\/b><\/a><\/p><p><a href=\"https:\/\/simsoft.com.br\/index.php\/erp-para-varejo\/\"><b>ERP para Varejo<\/b><\/a><\/p><p><a href=\"https:\/\/simsoft.com.br\/index.php\/gestao-de-atendimento\/\"><b>Gest\u00e3o de Atendimento<\/b><\/a><\/p><p><a href=\"https:\/\/simsoft.com.br\/index.php\/delivery-proprio\/\"><b>Delivery Pr\u00f3prio<\/b><\/a><\/p><p><a href=\"https:\/\/simsoft.com.br\/index.php\/voip-pabx-virtual\/\"><b>VOIP \/ PABX Virtual<\/b><\/a><\/p><\/div>\t\t\t\t\t\t\t\t<\/div>\n\t\t\t\t<div class=\"elementor-element elementor-element-13e48db0 quote-box p-0 elementor-widget elementor-widget-text-editor\" data-id=\"13e48db0\" data-element_type=\"widget\" data-widget_type=\"text-editor.default\">\n\t\t\t\t\t\t\t\t\t<p>\u00a0<\/p><h3 class=\"quote-box__title\">Alguma D\u00favida?<\/h3><p><a class=\"vs-btn\" href=\"https:\/\/wa.me\/5516997191893\" target=\"_blank\" rel=\"noopener\">Falar com um Consultor<i class=\"far fa-arrow-right\"><\/i><\/a><\/p>\t\t\t\t\t\t\t\t<\/div>\n\t\t\t\t\t<\/div>\n\t\t<\/div>\n\t\t\t\t<div class=\"elementor-column elementor-col-50 elementor-inner-column elementor-element elementor-element-7cb8b48e\" data-id=\"7cb8b48e\" data-element_type=\"column\">\n\t\t\t<div class=\"elementor-widget-wrap elementor-element-populated\">\n\t\t\t\t\t\t<div class=\"elementor-element elementor-element-3bdaff47 elementor-widget elementor-widget-image\" data-id=\"3bdaff47\" data-element_type=\"widget\" data-widget_type=\"image.default\">\n\t\t\t\t\t\t\t\t\t\t\t\t\t\t\t<img fetchpriority=\"high\" decoding=\"async\" width=\"802\" height=\"488\" src=\"https:\/\/simsoft.com.br\/wp-content\/uploads\/2026\/01\/1-4.png\" class=\"attachment-full size-full wp-image-12867\" alt=\"\" srcset=\"https:\/\/simsoft.com.br\/wp-content\/uploads\/2026\/01\/1-4.png 802w, https:\/\/simsoft.com.br\/wp-content\/uploads\/2026\/01\/1-4-300x183.png 300w, https:\/\/simsoft.com.br\/wp-content\/uploads\/2026\/01\/1-4-768x467.png 768w\" sizes=\"(max-width: 802px) 100vw, 802px\" \/>\t\t\t\t\t\t\t\t\t\t\t\t\t\t\t<\/div>\n\t\t\t\t<div class=\"elementor-element elementor-element-74006f22 elementor-widget elementor-widget-heading\" data-id=\"74006f22\" data-element_type=\"widget\" data-widget_type=\"heading.default\">\n\t\t\t\t\t<h4 class=\"elementor-heading-title elementor-size-default\">ERP para Restaurantes<\/h4>\t\t\t\t<\/div>\n\t\t\t\t<div class=\"elementor-element elementor-element-694a5b21 elementor-widget elementor-widget-text-editor\" data-id=\"694a5b21\" data-element_type=\"widget\" data-widget_type=\"text-editor.default\">\n\t\t\t\t\t\t\t\t\t<p><span style=\"font-weight: 400;\">O ERP Food Service da Simsoft RP foi desenvolvido para quem precisa de opera\u00e7\u00e3o fluida e decis\u00f5es r\u00e1pidas, mesmo nos hor\u00e1rios de pico. Ele centraliza gest\u00e3o administrativa e financeira na web, padroniza processos e reduz falhas no atendimento. Com recursos espec\u00edficos para restaurantes, pizzarias, choperias e similares, voc\u00ea acompanha vendas, custos e desempenho com clareza. O resultado \u00e9 menos improviso, mais controle e uma rotina mais organizada. Tudo com suporte humano para sua equipe usar de verdade.<\/span><\/p>\t\t\t\t\t\t\t\t<\/div>\n\t\t\t\t<div class=\"elementor-element elementor-element-24d6c52 elementor-widget elementor-widget-text-editor\" data-id=\"24d6c52\" data-element_type=\"widget\" data-widget_type=\"text-editor.default\">\n\t\t\t\t\t\t\t\t\t<p><span style=\"font-weight: 400;\">\u00a0A solu\u00e7\u00e3o integra o que faz diferen\u00e7a na pr\u00e1tica: controle de mesas, comanda digital, card\u00e1pio digital e pedidos via QR Code, al\u00e9m de gest\u00e3o de delivery e integra\u00e7\u00e3o com plataformas como iFood. Voc\u00ea pode receber com Pix e TEF, conciliar cart\u00f5es e manter a seguran\u00e7a da opera\u00e7\u00e3o com PDV off-line. Tamb\u00e9m conta com op\u00e7\u00f5es como totem de autoatendimento e app de gar\u00e7om em maquininha POS, aumentando velocidade e diminuindo filas. E, quando a opera\u00e7\u00e3o exige, emite documentos fiscais como NF-e, NFC-e e MDF-e com organiza\u00e7\u00e3o.<\/span><\/p>\t\t\t\t\t\t\t\t<\/div>\n\t\t\t\t<div class=\"elementor-element elementor-element-7e31a3b5 elementor-widget__width-initial elementor-widget-mobile__width-inherit elementor-widget elementor-widget-text-editor\" data-id=\"7e31a3b5\" data-element_type=\"widget\" data-widget_type=\"text-editor.default\">\n\t\t\t\t\t\t\t\t\t<div class=\"service-list-box\"><h3 class=\"h5 title\"><span style=\"font-weight: 400;\">\u00a0Principais recursos<\/span><\/h3><div class=\"list-style3\"><ul><li style=\"font-weight: 400;\" aria-level=\"1\"><span style=\"font-weight: 400;\">Mesas, comandas e atendimento com mais agilidade<\/span><span style=\"font-weight: 400;\"><br \/><br \/><\/span><\/li><li style=\"font-weight: 400;\" aria-level=\"1\"><span style=\"font-weight: 400;\">Delivery integrado e opera\u00e7\u00e3o sem gargalos<\/span><span style=\"font-weight: 400;\"><br \/><br \/><\/span><\/li><li style=\"font-weight: 400;\" aria-level=\"1\"><span style=\"font-weight: 400;\">Pix, TEF e concilia\u00e7\u00e3o de cart\u00f5es com controle<\/span><span style=\"font-weight: 400;\"><br \/><br \/><\/span><\/li><li style=\"font-weight: 400;\" aria-level=\"1\"><span style=\"font-weight: 400;\">PDV off-line para seguran\u00e7a em hor\u00e1rios cr\u00edticos<\/span><span style=\"font-weight: 400;\"><br \/><br \/><\/span><\/li><li style=\"font-weight: 400;\" aria-level=\"1\"><span style=\"font-weight: 400;\">Emiss\u00f5es fiscais e gest\u00e3o financeira na web<\/span><\/li><li>\u00a0<\/li><\/ul><\/div><\/div>\t\t\t\t\t\t\t\t<\/div>\n\t\t\t\t\t<\/div>\n\t\t<\/div>\n\t\t\t\t\t<\/div>\n\t\t<\/section>\n\t\t\t\t\t<\/div>\n\t\t<\/div>\n\t\t\t\t\t<\/div>\n\t\t<\/section>\n\t\t\t\t<\/div>\n\t\t","protected":false},"excerpt":{"rendered":"<p>Servi\u00e7os ERP para Restaurantes ERP para Varejo Gest\u00e3o de Atendimento Delivery Pr\u00f3prio VOIP \/ PABX Virtual \u00a0 Alguma D\u00favida? Falar com um Consultor ERP para Restaurantes O ERP Food Service da Simsoft RP foi desenvolvido para quem precisa de opera\u00e7\u00e3o fluida e decis\u00f5es r\u00e1pidas, mesmo nos hor\u00e1rios de pico. Ele centraliza gest\u00e3o administrativa e financeira&#8230;<\/p>\n","protected":false},"author":1,"featured_media":0,"parent":0,"menu_order":0,"comment_status":"closed","ping_status":"closed","template":"","meta":{"footnotes":""},"class_list":["post-12745","page","type-page","status-publish","hentry"],"_links":{"self":[{"href":"https:\/\/simsoft.com.br\/index.php\/wp-json\/wp\/v2\/pages\/12745","targetHints":{"allow":["GET"]}}],"collection":[{"href":"https:\/\/simsoft.com.br\/index.php\/wp-json\/wp\/v2\/pages"}],"about":[{"href":"https:\/\/simsoft.com.br\/index.php\/wp-json\/wp\/v2\/types\/page"}],"author":[{"embeddable":true,"href":"https:\/\/simsoft.com.br\/index.php\/wp-json\/wp\/v2\/users\/1"}],"replies":[{"embeddable":true,"href":"https:\/\/simsoft.com.br\/index.php\/wp-json\/wp\/v2\/comments?post=12745"}],"version-history":[{"count":25,"href":"https:\/\/simsoft.com.br\/index.php\/wp-json\/wp\/v2\/pages\/12745\/revisions"}],"predecessor-version":[{"id":13074,"href":"https:\/\/simsoft.com.br\/index.php\/wp-json\/wp\/v2\/pages\/12745\/revisions\/13074"}],"wp:attachment":[{"href":"https:\/\/simsoft.com.br\/index.php\/wp-json\/wp\/v2\/media?parent=12745"}],"curies":[{"name":"wp","href":"https:\/\/api.w.org\/{rel}","templated":true}]}}